- 2, 44 = x + 3*v. List the prime factors of x.
2
Let i = 72 + 42. What are the prime factors of i?
2, 3, 19
Suppose 12*a = 6275 + 13753. List the prime factors of a.
1669
Let m(c) = -7*c - 30. Suppose -2*r - 42 = 4*d, 3*d + 0 = 5*r + 1. What are the prime factors of m(d)?
2, 13
Let v(k) = -8*k - 8. Let n be v(-5). Suppose -3*y = -16 + 4. Suppose -z + n = z + f, -y*z + 64 = 5*f. List the prime factors of z.
2
Let l(k) = -k**3 - 5*k**2 + k + 441. List the prime factors of l(0).
3, 7
Suppose u - 100*v + 99*v = 2007, 5*u - 10026 = 2*v. What are the prime factors of u?
2, 3, 167
Let p(n) = 2*n**2 - 12*n + 37. Let b be p(11). Suppose 0 = 2*u - 2*a - 3*a - b, -u - 3*a = -68. List the prime factors of u.
71
Suppose 36 = 4*m - 2*m. Let c = m - 14. What are the prime factors of c?
2
Suppose -3*h + 5*h - 2888 = -3*k, -2 = -k. What are the prime factors of h?
11, 131
Let k = 21 + -20. Let r be 3*1/(-3) + k. Suppose 6*u + 37 - 127 = r. List the prime factors of u.
3, 5
Let l(k) = k**3 + 8*k**2 - 60*k + 33. What are the prime factors of l(11)?
2, 11, 19
Let i = 120 - 15. Suppose 6*g - g = i. Suppose 2*l = 5*u - g, 5*l - 2*l = 6. What are the prime factors of u?
5
Let f(y) = -y**3 + 2*y**2 + y - 1. Let r be f(2). Suppose 12*v = 7*v + 10. Suppose -4*w = -5 + r, v*i - 2*w = 12. What are the prime factors of i?
7
Suppose -5*k - 25 = -65. What are the prime factors of 1/(-2) + (-4)/k + 24?
23
Let y(c) be the first derivative of 1/3*c**3 + 2*c + 4*c**2 - 2. List the prime factors of y(-8).
2
Suppose -3535 = -4*x - 3*x. What are the prime factors of x?
5, 101
Let k(u) = -327*u**2 + 647*u**2 + 21*u - 8 - 321*u**2. List the prime factors of k(10).
2, 3, 17
Let k = 1429 + -774. What are the prime factors of k?
5, 131
Let p(h) = -3*h**3 + 3*h**2 - 2*h + 19. Let g(u) = 4*u**3 - 2*u**2 + 3*u - 20. Let q(r) = -5*g(r) - 6*p(r). List the prime factors of q(-6).
2, 37
Let p = -11 - -19. Let a(f) = 2*f - 3*f - p*f - 15. What are the prime factors of a(-7)?
2, 3
Let v be (-2)/(-3) - 4/6. Suppose -18*s + 28*s = -s. Suppose s*n - 3*n + 120 = v. What are the prime factors of n?
2, 5
List the prime factors of (-3305)/(-7) - 2/14.
2, 59
Suppose 0 = 2*j + 4*r - 322 - 342, 3*r = 4*j - 1317. Let k = j - 217. List the prime factors of k.
113
Suppose -60755 + 6827 = -21*g. What are the prime factors of g?
2, 3, 107
Let z(u) = 18*u**2 + 8*u - 146. What are the prime factors of z(10)?
2, 3, 17
Let j = 9 - 15. Let p be (4/j)/(16/1032). Let k = p + 79. List the prime factors of k.
2, 3
What are the prime factors of ((-10)/1)/((-12)/3438)?
3, 5, 191
Suppose 0 = 3*q - 3*a - 209 + 47, 5*a - 240 = -5*q. Suppose 21*t - 22*t + q = 0. What are the prime factors of t?
3, 17
Let s(i) = 11*i**2 + 3*i - 13. Let y be 4 - ((-1 - -2) + 0). What are the prime factors of s(y)?
5, 19
Let c be (-1)/(-9) + (-1740)/108. List the prime factors of (-6)/(6/(-3)) - c.
19
Suppose 0 = 2*h - 126 + 68. Let a(w) = 50*w. Let d be a(1). Let m = d - h. List the prime factors of m.
3, 7
Suppose 204 = b + 2*b. Let u = b - 15. What are the prime factors of u?
53
Let z = -21 - -25. Suppose -z*t = -559 + 131. List the prime factors of t.
107
Suppose -2*d + 5*k = -17, d = -k + 2*k + 7. Suppose -d*f = -11*f + 335. What are the prime factors of f?
67
Let g = 51 - -214. List the prime factors of g.
5, 53
Suppose 5*z = 3*z + 10. Suppose 87 = z*p + 12. List the prime factors of p.
3, 5
Suppose 0 = 2*v - 5*q + 22 + 6, 20 = -4*v + q. Let h be -37*(-3 - (2 + v)). Let j = h - 21. What are the prime factors of j?
2
Let v = -603 - -1175. List the prime factors of v.
2, 11, 13
Let w = 5 - 20. Let c be (-3)/w + (-29)/(-5). Suppose 3*z - 6*b + b + c = 0, 3*z + 3 = 4*b. What are the prime factors of z?
3
Suppose -4*q + 3 = -17. Let s(p) = -4*p - 9. Let k(l) = 9*l + 18. Let i(y) = q*s(y) + 2*k(y). What are the prime factors of i(-7)?
5
Let q = -3 - -24. Let k be (-1)/(-5*3/(-45)). Let b = q - k. List the prime factors of b.
2, 3
Suppose -2*w - 158 = -4*y + w, 0 = -3*y - 5*w + 104. Suppose 4*g = -3*t + g + 36, y = 3*t + 5*g. Let s = t + 18. List the prime factors of s.
29
Let w(t) = 68*t**2 - 7*t - 1. List the prime factors of w(-2).
3, 5, 19
Let f(l) = l**3 + 8*l**2 + 6*l + 2. Let p be f(-7). Let t(c) = c**2 - 5*c - 5. What are the prime factors of t(p)?
31
What are the prime factors of 512 + -5*((-33)/(-5) - 6)?
509
Suppose -2*d - 33*d + 60060 = 0. List the prime factors of d.
2, 3, 11, 13
What are the prime factors of 385/(-154)*((-442)/5 - 0)?
13, 17
Let n be ((-15)/18)/((-3)/18). Suppose n = 6*g - 25. Suppose 11*c - g*c - 234 = 0. List the prime factors of c.
3, 13
Let h(f) = -f + 18. Let d be h(16). Suppose m - 96 = -q, -d*m + 2*q - 7*q + 186 = 0. List the prime factors of m.
2, 7
Let w(s) be the third derivative of s**6/60 - s**5/12 - s**4/8 - s**3/2 + 6*s**2. List the prime factors of w(5).
107
Let u = -3 + 9. What are the prime factors of u*((-88)/(-6) + 0)?
2, 11
List the prime factors of 68/6*27/6.
3, 17
Let c be -3*(-3)/(-18)*-10. Let q be ((-2)/4)/(1/(-10)). Suppose -t + c*t = -q*f + 107, -80 = -3*t - 4*f. List the prime factors of t.
2, 7
Let a(w) = -4*w**3 - w - 2. Let p(j) = 6*j - 3. Let o be p(0). What are the prime factors of a(o)?
109
Let j be (-7)/(-28) + (-2422)/(-8). Suppose -5*f + 2*q = -j, -f - 2*q = q - 47. List the prime factors of f.
59
Let z(x) = 23*x**2 + 3*x**3 - 4*x**3 - 15*x**2 - 9 + 4*x. What are the prime factors of z(8)?
23
Suppose 2*g + 3*f = -13, -2*g + 12 = -0*g - 2*f. Let u(q) = 166*q + 5. What are the prime factors of u(g)?
3, 19
Let q(b) = -b**3 - 8*b**2 - 6*b + 8. Let h be q(-8). Let u be (h/(-35))/(2/10). What are the prime factors of 3/12 - 230/u?
29
Let x(d) = -d**3 - 12*d**2 - 21*d + 43. What are the prime factors of x(-10)?
53
Let z = -828 - -1409. What are the prime factors of z?
7, 83
Let t = -14 - -18. Suppose -t*d + 7 = s, -3*d + 24 = -s - 2*s. Suppose 0 = 4*o, 36 = d*l + 7*o - 2*o. List the prime factors of l.
2, 3
Suppose -4 = -4*i, 5*o - 3*i = -19 - 24. Let k be (o + -1)/(30/(-140)). Suppose z - 3*z + k = 0. List the prime factors of z.
3, 7
Let a(w) = -191*w + 7. Let g(m) = -954*m + 36. Let v(l) = 16*a(l) - 3*g(l). Let r be v(2). List the prime factors of (-1)/(-3) + r/(-9).
43
Let w be (10 + -8)*-2*(-239)/4. Suppose -p + 257 = 5*y, 4*p - 5*y - 789 = w. What are the prime factors of p?
257
Let t(c) = 12*c**2 - 54*c - 6. Let i be t(-7). Suppose -i = 6*z - 9*z. List the prime factors of z.
2, 5
Let g = -80 - -122. Let d be 75 - (0/1 + 1). Let x = d - g. List the prime factors of x.
2
Suppose -228 = 2*u - 4*u. Suppose 5*k + u = -k. Let s = k - -30. What are the prime factors of s?
11
Suppose -2*v + 10 = 4*b, 10 = 2*b + 2*v - 0*v. Suppose u = b, r + 4 = 2*r + 2*u. Suppose r*l + f = 45, 7*f = -l + 3*f. List the prime factors of l.
2, 3
Suppose -9505 = -81*j + 12365. What are the prime factors of j?
2, 3, 5
Suppose -39*u + 40*u = i - 5689, 4*u = 3*i - 17065. What are the prime factors of i?
3, 7, 271
Suppose 0 = 3*g - 2*g - 4. Suppose g*o = o + 9. Suppose -o*a + 48 = -0*a. List the prime factors of a.
2
Suppose -91*x = -86*x. Let u = x - -58. What are the prime factors of u?
2, 29
Let j(x) be the third derivative of 1/4*x**4 + 0 + 6*x**2 + 0*x - 1/6*x**3. What are the prime factors of j(4)?
23
List the prime factors of (44520/(-700))/(2/(-45)).
3, 53
Let y = -426 - -596. List the prime factors of y.
2, 5, 17
What are the prime factors of 4228/8 + 3/(-2)?
17, 31
Let i = 238 + 645. List the prime factors of i.
883
Let f = 44 + -50. List the prime factors of 115 + f + (3 - 5).
107
Let k(x) = x - 4. Let j be k(5). Let l be (6 - 6)/(0 - j). Suppose 5*v - 3*c + 5*c = 56, l = -c - 2. List the prime factors of v.
2, 3
Let z(j) = j + 3. Let l(r) = -2*r - 3. Let i(f) = 3*l(f) + 2*z(f). List the prime factors of i(-3).
3
Let g(m) = -68 - 75 + 8*m + 141. Let u be 2/1 - (-9 + 6). What are the prime factors of g(u)?
2, 19
Suppose 0 = -5*n - 3*c + 161, -11*n + 7*n + 5*c = -114. What are the prime factors of n?
31
Suppose 7*a - 5*a = 10. Suppose -3*h = 2*y - 294, 5*h - 81 = 4*h + a*y. List the prime factors of h.
2, 3
Suppose d - c - 2220 = 0, 0 = 4*c - 3*c + 1. List the prime factors of d.
7, 317
Let z = 1832 + -1429. List the prime factors of z.
13, 31
Suppose -j = -2*m + 4*j - 23, 5*m - 4*j + 49 = 0. L